{"id":19,"date":"2020-02-18T22:41:06","date_gmt":"2020-02-18T22:41:06","guid":{"rendered":"http:\/\/museenationaldelaphotographie.com\/?page_id=19"},"modified":"2024-05-16T15:08:06","modified_gmt":"2024-05-16T15:08:06","slug":"expositions","status":"publish","type":"page","link":"https:\/\/museenationaldelaphotographie.com\/en\/expositions","title":{"rendered":"COLLECTIONS"},"content":{"rendered":"<div data-elementor-type=\"wp-page\" data-elementor-id=\"19\" class=\"elementor elementor-19\">\n\t\t\t\t\t\t<section class=\"elementor-section elementor-top-section elementor-element elementor-element-7a97e022 elementor-section-boxed elementor-section-height-default elementor-section-height-default\" data-id=\"7a97e022\" data-element_type=\"section\" data-e-type=\"section\">\n\t\t\t\t\t\t<div class=\"elementor-container elementor-column-gap-default\">\n\t\t\t\t\t<div class=\"elementor-column elementor-col-100 elementor-top-column elementor-element elementor-element-3e37e33f\" data-id=\"3e37e33f\" data-element_type=\"column\" data-e-type=\"column\">\n\t\t\t<div class=\"elementor-widget-wrap elementor-element-populated\">\n\t\t\t\t\t\t<div class=\"elementor-element elementor-element-792ae0 elementor-widget elementor-widget-text-editor\" data-id=\"792ae0\" data-element_type=\"widget\" data-e-type=\"widget\" data-widget_type=\"text-editor.default\">\n\t\t\t\t<div class=\"elementor-widget-container\">\n\t\t\t\t\t\t\t\t\t<p><\/p>\n<p style=\"font-size: 18px;\">Our collections expand in three divisions, that represent our three different types of possessions: literary collections, cameras and photographs. While they are treated according to their respective typology, these divisions are managed as one single ensemble, which allows for a global vision.<\/p>\n<p><\/p>\n<p><\/p>\n<p class=\"has-text-color has-light-green-cyan-color\" style=\"font-size: 18px;\">PERMANENT COLLECTIONS<\/p>\n<p><\/p>\n<p><\/p>\n<p style=\"font-size: 18px;\">The Museum proposes its permanent exposition which overlooks the history of the cameras' inventors, their processes and their techniques. We can notably find original cameras from the first darkrooms ever and an important collection of cameras, from the most ancient to the most modern.<\/p>\n<p><\/p>\n<p><\/p>\n<p class=\"has-text-color has-light-green-cyan-color\" style=\"font-size: 18px;\">TEMPORARY COLLECTIONS<\/p>\n<p><\/p>\n<p><\/p>\n<p style=\"font-size: 18px;\">Who are our expositions made for? Anyone with an interest in photography! You are all welcome here.<\/p>\n<p><\/p>\n<p><\/p>\n<p style=\"font-size: 18px;\">In the expositions, we will make you travel by telling you about the story hidden behind every picture, and the story of the photograph behind the camera.<\/p>\n<p><\/p>\n<p><\/p>\n<p style=\"font-size: 18px;\">We know that it's a rather popular activity; that's why we change our temporary expositions every three months. It's a pleasure for the Desjardins Museum of Photography to always give you more.<\/p>\n<p><\/p>\n<p><\/p>\n<p style=\"font-size: 18px;\">During the year, we present a variety of photograph artists of various styles from the four corners of the Earth. At the intersection of arts, history and science, photography offers a fascinating universe to discover. You'll love it for sure!<\/p>\n<p><\/p>\n<p><\/p>\n<p class=\"has-text-color has-light-green-cyan-color\"><strong>PROGRAMMATION<\/strong><\/p>\n<p><\/p>\n<p><\/p>\n<p style=\"font-size: 18px;\">We're happy to announce our<span style=\"color: #ffffff;\"> programmation<\/span> for the year<span style=\"color: #ffffff;\"> 2022<\/span>!<\/p>\n<p><\/p>\n<p><\/p>\n<div class=\"wp-block-file\">\u00a0<\/div>\n<p><\/p>\n<p><\/p>\n<p><\/p>\t\t\t\t\t\t\t\t<\/div>\n\t\t\t\t<\/div>\n\t\t\t\t<div class=\"elementor-element elementor-element-56b01b7 elementor-align-center elementor-widget elementor-widget-button\" data-id=\"56b01b7\" data-element_type=\"widget\" data-e-type=\"widget\" data-widget_type=\"button.default\">\n\t\t\t\t<div class=\"elementor-widget-container\">\n\t\t\t\t\t\t\t\t\t<div class=\"elementor-button-wrapper\">\n\t\t\t\t\t<a class=\"elementor-button elementor-button-link elementor-size-sm\" href=\"https:\/\/acrobat.adobe.com\/link\/track?uri=urn:aaid:scds:US:b56621cf-e78c-37ab-8a7d-101c703ff84d\">\n\t\t\t\t\t\t<span class=\"elementor-button-content-wrapper\">\n\t\t\t\t\t\t\t\t\t<span class=\"elementor-button-text\">PROGRAMMATION 2022-2023<\/span>\n\t\t\t\t\t<\/span>\n\t\t\t\t\t<\/a>\n\t\t\t\t<\/div>\n\t\t\t\t\t\t\t\t<\/div>\n\t\t\t\t<\/div>\n\t\t\t\t\t<\/div>\n\t\t<\/div>\n\t\t\t\t\t<\/div>\n\t\t<\/section>\n\t\t\t\t<\/div>","protected":false},"excerpt":{"rendered":"<p>Nos collections se d\u00e9ploient en trois divisions, qui repr\u00e9sentent nos diff\u00e9rents types de bien : collections litt\u00e9raires, d&rsquo;appareils,&nbsp; et de photographies. Bien qu\u2019elles soient trait\u00e9es selon leur typologie respective, ces divisions sont g\u00e9r\u00e9es en un seul ensemble, lequel fournit une vision globale. COLLECTIONS PERMANENTES Le Mus\u00e9e propose son exposition permanente qui survole l\u2019histoire des inventeurs &hellip; <\/p>\n<p class=\"link-more\"><a href=\"https:\/\/museenationaldelaphotographie.com\/en\/expositions\" class=\"more-link\">Continue reading<span class=\"screen-reader-text\"> \u00ab\u00a0COLLECTIONS\u00a0\u00bb<\/span><\/a><\/p>","protected":false},"author":1,"featured_media":1343,"parent":0,"menu_order":0,"comment_status":"closed","ping_status":"closed","template":"","meta":{"ngg_post_thumbnail":0,"footnotes":""},"class_list":["post-19","page","type-page","status-publish","has-post-thumbnail","hentry"],"yoast_head":"<!-- This site is optimized with the Yoast SEO plugin v27.5 - https:\/\/yoast.com\/product\/yoast-seo-wordpress\/ -->\n<title>Anciennes expositions du Mus\u00e9e de Drummondville -<\/title>\n<meta name=\"description\" content=\"Vous trouverez les anciennes expositions et vernissages du Mus\u00e9e dans cette section. Photographies et r\u00e9sum\u00e9s des expositions sont \u00e0 votre disposition.\" \/>\n<meta name=\"robots\" content=\"index, follow, max-snippet:-1, max-image-preview:large, max-video-preview:-1\" \/>\n<link rel=\"canonical\" href=\"https:\/\/museenationaldelaphotographie.com\/en\/expositions\/\" \/>\n<meta property=\"og:locale\" content=\"en_US\" \/>\n<meta property=\"og:type\" content=\"article\" \/>\n<meta property=\"og:title\" content=\"Anciennes expositions du Mus\u00e9e de Drummondville -\" \/>\n<meta property=\"og:description\" content=\"Vous trouverez les anciennes expositions et vernissages du Mus\u00e9e dans cette section. Photographies et r\u00e9sum\u00e9s des expositions sont \u00e0 votre disposition.\" \/>\n<meta property=\"og:url\" content=\"https:\/\/museenationaldelaphotographie.com\/en\/expositions\/\" \/>\n<meta property=\"article:modified_time\" content=\"2024-05-16T15:08:06+00:00\" \/>\n<meta property=\"og:image\" content=\"https:\/\/museenationaldelaphotographie.com\/wp-content\/uploads\/2020\/06\/DSC_3616-scaled.jpg\" \/>\n\t<meta property=\"og:image:width\" content=\"2560\" \/>\n\t<meta property=\"og:image:height\" content=\"1700\" \/>\n\t<meta property=\"og:image:type\" content=\"image\/jpeg\" \/>\n<meta name=\"twitter:card\" content=\"summary_large_image\" \/>\n<meta name=\"twitter:label1\" content=\"Est. reading time\" \/>\n\t<meta name=\"twitter:data1\" content=\"2 minutes\" \/>\n<script type=\"application\/ld+json\" class=\"yoast-schema-graph\">{\"@context\":\"https:\\\/\\\/schema.org\",\"@graph\":[{\"@type\":\"WebPage\",\"@id\":\"https:\\\/\\\/museenationaldelaphotographie.com\\\/expositions\",\"url\":\"https:\\\/\\\/museenationaldelaphotographie.com\\\/expositions\",\"name\":\"Anciennes expositions du Mus\u00e9e de Drummondville -\",\"isPartOf\":{\"@id\":\"https:\\\/\\\/museenationaldelaphotographie.com\\\/#website\"},\"primaryImageOfPage\":{\"@id\":\"https:\\\/\\\/museenationaldelaphotographie.com\\\/expositions#primaryimage\"},\"image\":{\"@id\":\"https:\\\/\\\/museenationaldelaphotographie.com\\\/expositions#primaryimage\"},\"thumbnailUrl\":\"https:\\\/\\\/i0.wp.com\\\/museenationaldelaphotographie.com\\\/wp-content\\\/uploads\\\/2020\\\/06\\\/DSC_3616-scaled.jpg?fit=2560%2C1700&ssl=1\",\"datePublished\":\"2020-02-18T22:41:06+00:00\",\"dateModified\":\"2024-05-16T15:08:06+00:00\",\"description\":\"Vous trouverez les anciennes expositions et vernissages du Mus\u00e9e dans cette section. Photographies et r\u00e9sum\u00e9s des expositions sont \u00e0 votre disposition.\",\"breadcrumb\":{\"@id\":\"https:\\\/\\\/museenationaldelaphotographie.com\\\/expositions#breadcrumb\"},\"inLanguage\":\"en-CA\",\"potentialAction\":[{\"@type\":\"ReadAction\",\"target\":[\"https:\\\/\\\/museenationaldelaphotographie.com\\\/expositions\"]}]},{\"@type\":\"ImageObject\",\"inLanguage\":\"en-CA\",\"@id\":\"https:\\\/\\\/museenationaldelaphotographie.com\\\/expositions#primaryimage\",\"url\":\"https:\\\/\\\/i0.wp.com\\\/museenationaldelaphotographie.com\\\/wp-content\\\/uploads\\\/2020\\\/06\\\/DSC_3616-scaled.jpg?fit=2560%2C1700&ssl=1\",\"contentUrl\":\"https:\\\/\\\/i0.wp.com\\\/museenationaldelaphotographie.com\\\/wp-content\\\/uploads\\\/2020\\\/06\\\/DSC_3616-scaled.jpg?fit=2560%2C1700&ssl=1\",\"width\":2560,\"height\":1700},{\"@type\":\"BreadcrumbList\",\"@id\":\"https:\\\/\\\/museenationaldelaphotographie.com\\\/expositions#breadcrumb\",\"itemListElement\":[{\"@type\":\"ListItem\",\"position\":1,\"name\":\"Accueil\",\"item\":\"https:\\\/\\\/museenationaldelaphotographie.com\\\/\"},{\"@type\":\"ListItem\",\"position\":2,\"name\":\"COLLECTIONS\"}]},{\"@type\":\"WebSite\",\"@id\":\"https:\\\/\\\/museenationaldelaphotographie.com\\\/#website\",\"url\":\"https:\\\/\\\/museenationaldelaphotographie.com\\\/\",\"name\":\"\",\"description\":\"\",\"potentialAction\":[{\"@type\":\"SearchAction\",\"target\":{\"@type\":\"EntryPoint\",\"urlTemplate\":\"https:\\\/\\\/museenationaldelaphotographie.com\\\/?s={search_term_string}\"},\"query-input\":{\"@type\":\"PropertyValueSpecification\",\"valueRequired\":true,\"valueName\":\"search_term_string\"}}],\"inLanguage\":\"en-CA\"}]}<\/script>\n<!-- \/ Yoast SEO plugin. -->","yoast_head_json":{"title":"Anciennes expositions du Mus\u00e9e de Drummondville -","description":"Vous trouverez les anciennes expositions et vernissages du Mus\u00e9e dans cette section. Photographies et r\u00e9sum\u00e9s des expositions sont \u00e0 votre disposition.","robots":{"index":"index","follow":"follow","max-snippet":"max-snippet:-1","max-image-preview":"max-image-preview:large","max-video-preview":"max-video-preview:-1"},"canonical":"https:\/\/museenationaldelaphotographie.com\/en\/expositions\/","og_locale":"en_US","og_type":"article","og_title":"Anciennes expositions du Mus\u00e9e de Drummondville -","og_description":"Vous trouverez les anciennes expositions et vernissages du Mus\u00e9e dans cette section. Photographies et r\u00e9sum\u00e9s des expositions sont \u00e0 votre disposition.","og_url":"https:\/\/museenationaldelaphotographie.com\/en\/expositions\/","article_modified_time":"2024-05-16T15:08:06+00:00","og_image":[{"width":2560,"height":1700,"url":"https:\/\/museenationaldelaphotographie.com\/wp-content\/uploads\/2020\/06\/DSC_3616-scaled.jpg","type":"image\/jpeg"}],"twitter_card":"summary_large_image","twitter_misc":{"Est. reading time":"2 minutes"},"schema":{"@context":"https:\/\/schema.org","@graph":[{"@type":"WebPage","@id":"https:\/\/museenationaldelaphotographie.com\/expositions","url":"https:\/\/museenationaldelaphotographie.com\/expositions","name":"Anciennes expositions du Mus\u00e9e de Drummondville -","isPartOf":{"@id":"https:\/\/museenationaldelaphotographie.com\/#website"},"primaryImageOfPage":{"@id":"https:\/\/museenationaldelaphotographie.com\/expositions#primaryimage"},"image":{"@id":"https:\/\/museenationaldelaphotographie.com\/expositions#primaryimage"},"thumbnailUrl":"https:\/\/i0.wp.com\/museenationaldelaphotographie.com\/wp-content\/uploads\/2020\/06\/DSC_3616-scaled.jpg?fit=2560%2C1700&ssl=1","datePublished":"2020-02-18T22:41:06+00:00","dateModified":"2024-05-16T15:08:06+00:00","description":"Vous trouverez les anciennes expositions et vernissages du Mus\u00e9e dans cette section. Photographies et r\u00e9sum\u00e9s des expositions sont \u00e0 votre disposition.","breadcrumb":{"@id":"https:\/\/museenationaldelaphotographie.com\/expositions#breadcrumb"},"inLanguage":"en-CA","potentialAction":[{"@type":"ReadAction","target":["https:\/\/museenationaldelaphotographie.com\/expositions"]}]},{"@type":"ImageObject","inLanguage":"en-CA","@id":"https:\/\/museenationaldelaphotographie.com\/expositions#primaryimage","url":"https:\/\/i0.wp.com\/museenationaldelaphotographie.com\/wp-content\/uploads\/2020\/06\/DSC_3616-scaled.jpg?fit=2560%2C1700&ssl=1","contentUrl":"https:\/\/i0.wp.com\/museenationaldelaphotographie.com\/wp-content\/uploads\/2020\/06\/DSC_3616-scaled.jpg?fit=2560%2C1700&ssl=1","width":2560,"height":1700},{"@type":"BreadcrumbList","@id":"https:\/\/museenationaldelaphotographie.com\/expositions#breadcrumb","itemListElement":[{"@type":"ListItem","position":1,"name":"Accueil","item":"https:\/\/museenationaldelaphotographie.com\/"},{"@type":"ListItem","position":2,"name":"COLLECTIONS"}]},{"@type":"WebSite","@id":"https:\/\/museenationaldelaphotographie.com\/#website","url":"https:\/\/museenationaldelaphotographie.com\/","name":"","description":"","potentialAction":[{"@type":"SearchAction","target":{"@type":"EntryPoint","urlTemplate":"https:\/\/museenationaldelaphotographie.com\/?s={search_term_string}"},"query-input":{"@type":"PropertyValueSpecification","valueRequired":true,"valueName":"search_term_string"}}],"inLanguage":"en-CA"}]}},"jetpack_sharing_enabled":true,"_links":{"self":[{"href":"https:\/\/museenationaldelaphotographie.com\/en\/wp-json\/wp\/v2\/pages\/19","targetHints":{"allow":["GET"]}}],"collection":[{"href":"https:\/\/museenationaldelaphotographie.com\/en\/wp-json\/wp\/v2\/pages"}],"about":[{"href":"https:\/\/museenationaldelaphotographie.com\/en\/wp-json\/wp\/v2\/types\/page"}],"author":[{"embeddable":true,"href":"https:\/\/museenationaldelaphotographie.com\/en\/wp-json\/wp\/v2\/users\/1"}],"replies":[{"embeddable":true,"href":"https:\/\/museenationaldelaphotographie.com\/en\/wp-json\/wp\/v2\/comments?post=19"}],"version-history":[{"count":72,"href":"https:\/\/museenationaldelaphotographie.com\/en\/wp-json\/wp\/v2\/pages\/19\/revisions"}],"predecessor-version":[{"id":5180,"href":"https:\/\/museenationaldelaphotographie.com\/en\/wp-json\/wp\/v2\/pages\/19\/revisions\/5180"}],"wp:featuredmedia":[{"embeddable":true,"href":"https:\/\/museenationaldelaphotographie.com\/en\/wp-json\/wp\/v2\/media\/1343"}],"wp:attachment":[{"href":"https:\/\/museenationaldelaphotographie.com\/en\/wp-json\/wp\/v2\/media?parent=19"}],"curies":[{"name":"wp","href":"https:\/\/api.w.org\/{rel}","templated":true}]}}

<p>Nos collections se déploient en trois divisions, qui représentent nos différents types de bien : collections littéraires, d&rsquo;appareils,&nbsp; et de photographies. Bien qu’elles soient traitées selon leur typologie respective, ces divisions sont gérées en un seul ensemble, lequel fournit une vision globale. COLLECTIONS PERMANENTES Le Musée propose son exposition permanente qui survole l’histoire des inventeurs &hellip; </p>
<p class="link-more"><a href="https://museenationaldelaphotographie.com/en/expositions" class="more-link">Continue reading<span class="screen-reader-text"> « COLLECTIONS »</span></a></p>

<!-- This site is optimized with the Yoast SEO plugin v27.5 - https://yoast.com/product/yoast-seo-wordpress/ -->
<title>Anciennes expositions du Musée de Drummondville -</title>
<meta name="description" content="Vous trouverez les anciennes expositions et vernissages du Musée dans cette section. Photographies et résumés des expositions sont à votre disposition." />
<meta name="robots" content="index, follow, max-snippet:-1, max-image-preview:large, max-video-preview:-1" />
<link rel="canonical" href="https://museenationaldelaphotographie.com/en/expositions/" />
<meta property="og:locale" content="en_US" />
<meta property="og:type" content="article" />
<meta property="og:title" content="Anciennes expositions du Musée de Drummondville -" />
<meta property="og:description" content="Vous trouverez les anciennes expositions et vernissages du Musée dans cette section. Photographies et résumés des expositions sont à votre disposition." />
<meta property="og:url" content="https://museenationaldelaphotographie.com/en/expositions/" />
<meta property="article:modified_time" content="2024-05-16T15:08:06+00:00" />
<meta property="og:image" content="https://museenationaldelaphotographie.com/wp-content/uploads/2020/06/DSC_3616-scaled.jpg" />
	<meta property="og:image:width" content="2560" />
	<meta property="og:image:height" content="1700" />
	<meta property="og:image:type" content="image/jpeg" />
<meta name="twitter:card" content="summary_large_image" />
<meta name="twitter:label1" content="Est. reading time" />
	<meta name="twitter:data1" content="2 minutes" />
<script type="application/ld+json" class="yoast-schema-graph">{"@context":"https:\/\/schema.org","@graph":[{"@type":"WebPage","@id":"https:\/\/museenationaldelaphotographie.com\/expositions","url":"https:\/\/museenationaldelaphotographie.com\/expositions","name":"Anciennes expositions du Musée de Drummondville -","isPartOf":{"@id":"https:\/\/museenationaldelaphotographie.com\/#website"},"primaryImageOfPage":{"@id":"https:\/\/museenationaldelaphotographie.com\/expositions#primaryimage"},"image":{"@id":"https:\/\/museenationaldelaphotographie.com\/expositions#primaryimage"},"thumbnailUrl":"https:\/\/i0.wp.com\/museenationaldelaphotographie.com\/wp-content\/uploads\/2020\/06\/DSC_3616-scaled.jpg?fit=2560%2C1700&ssl=1","datePublished":"2020-02-18T22:41:06+00:00","dateModified":"2024-05-16T15:08:06+00:00","description":"Vous trouverez les anciennes expositions et vernissages du Musée dans cette section. Photographies et résumés des expositions sont à votre disposition.","breadcrumb":{"@id":"https:\/\/museenationaldelaphotographie.com\/expositions#breadcrumb"},"inLanguage":"en-CA","potentialAction":[{"@type":"ReadAction","target":["https:\/\/museenationaldelaphotographie.com\/expositions"]}]},{"@type":"ImageObject","inLanguage":"en-CA","@id":"https:\/\/museenationaldelaphotographie.com\/expositions#primaryimage","url":"https:\/\/i0.wp.com\/museenationaldelaphotographie.com\/wp-content\/uploads\/2020\/06\/DSC_3616-scaled.jpg?fit=2560%2C1700&ssl=1","contentUrl":"https:\/\/i0.wp.com\/museenationaldelaphotographie.com\/wp-content\/uploads\/2020\/06\/DSC_3616-scaled.jpg?fit=2560%2C1700&ssl=1","width":2560,"height":1700},{"@type":"BreadcrumbList","@id":"https:\/\/museenationaldelaphotographie.com\/expositions#breadcrumb","itemListElement":[{"@type":"ListItem","position":1,"name":"Accueil","item":"https:\/\/museenationaldelaphotographie.com\/"},{"@type":"ListItem","position":2,"name":"COLLECTIONS"}]},{"@type":"WebSite","@id":"https:\/\/museenationaldelaphotographie.com\/#website","url":"https:\/\/museenationaldelaphotographie.com\/","name":"","description":"","potentialAction":[{"@type":"SearchAction","target":{"@type":"EntryPoint","urlTemplate":"https:\/\/museenationaldelaphotographie.com\/?s={search_term_string}"},"query-input":{"@type":"PropertyValueSpecification","valueRequired":true,"valueName":"search_term_string"}}],"inLanguage":"en-CA"}]}</script>
<!-- / Yoast SEO plugin. -->

Anciennes expositions du Musée de Drummondville -

Vous trouverez les anciennes expositions et vernissages du Musée dans cette section. Photographies et résumés des expositions sont à votre disposition.
